prime factors of 987173?
11, 17, 5279
What are the prime factors of 22258135?
5, 23, 193549
List the prime factors of 159117.
3, 7, 7577
What are the prime factors of 49557?
3, 16519
List the prime factors of 2179293.
3, 726431
List the prime factors of 336697.
23, 14639
List the prime factors of 2435952.
2, 3, 19, 2671
What are the prime factors of 4831463?
7, 13, 53093
List the prime factors of 500775.
3, 5, 11, 607
What are the prime factors of 16907503?
17, 994559
List the prime factors of 3088451.
3088451
List the prime factors of 1311449.
1311449
List the prime factors of 16893300.
2, 3, 5, 56311
What are the prime factors of 87879?
3, 11, 2663
What are the prime factors of 56788?
2, 14197
What are the prime factors of 580095?
3, 5, 4297
List the prime factors of 165121.
11, 17, 883
What are the prime factors of 320269?
320269
List the prime factors of 591398.
2, 295699
What are the prime factors of 190307?
13, 14639
List the prime factors of 223262.
2, 13, 31, 277
What are the prime factors of 365879?
89, 4111
What are the prime factors of 1867342?
2, 933671
List the prime factors of 7977831.
3, 2659277
What are the prime factors of 248499?
3, 27611
List the prime factors of 1400653.
1400653
What are the prime factors of 389537?
43, 9059
List the prime factors of 390996.
2, 3, 10861
What are the prime factors of 91346?
2, 45673
List the prime factors of 895261.
19, 47119
List the prime factors of 7981017.
3, 11, 73, 3313
What are the prime factors of 2581817?
7, 271, 1361
List the prime factors of 332805.
3, 5, 11, 2017
List the prime factors of 2109115.
5, 137, 3079
List the prime factors of 424394.
2, 443, 479
What are the prime factors of 561953?
7, 80279
List the prime factors of 777150.
2, 3, 5, 11, 157
What are the prime factors of 562296?
2, 3, 7, 3347
List the prime factors of 205116.
2, 3, 17093
List the prime factors of 30868975.
5, 1234759
What are the prime factors of 3232237?
47, 68771
List the prime factors of 18473917.
7, 11, 17, 1283
What are the prime factors of 947975?
5, 7, 5417
List the prime factors of 177397.
11, 16127
List the prime factors of 1367062.
2, 167, 4093
List the prime factors of 497687.
37, 13451
List the prime factors of 17019.
3, 31, 61
What are the prime factors of 10917611?
31, 352181
What are the prime factors of 3632476?
2, 563, 1613
List the prime factors of 15640614.
2, 3, 11, 67, 131
List the prime factors of 1514081.
61, 24821
List the prime factors of 424743.
3, 11, 61, 211
What are the prime factors of 498075?
3, 5, 29, 229
What are the prime factors of 3813758?
2, 13, 146683
What are the prime factors of 667814?
2, 7, 47701
What are the prime factors of 13260303?
3, 7, 210481
What are the prime factors of 27065697?
3, 31, 71, 4099
What are the prime factors of 9080860?
2, 5, 19, 23, 1039
List the prime factors of 5445003.
3, 1815001
What are the prime factors of 11216286?
2, 3, 207709
List the prime factors of 13234573.
11, 103, 11681
What are the prime factors of 6280865?
5, 61, 20593
What are the prime factors of 213369?
3, 13, 5471
What are the prime factors of 359949?
3, 119983
List the prime factors of 1353567.
3, 53, 8513
List the prime factors of 4165250.
2, 5, 16661
List the prime factors of 612849.
3, 67, 3049
What are the prime factors of 5093906?
2, 983, 2591
List the prime factors of 129145.
5, 23, 1123
What are the prime factors of 442235?
5, 241, 367
List the prime factors of 1383702.
2, 3, 103, 2239
List the prime factors of 7989484.
2, 37, 1459
List the prime factors of 6955985.
5, 53, 26249
What are the prime factors of 1224016?
2, 113, 677
What are the prime factors of 3618091?
263, 13757
What are the prime factors of 43455?
3, 5, 2897
List the prime factors of 327184.
2, 11, 13
List the prime factors of 293869.
71, 4139
What are the prime factors of 51961?
7, 13, 571
What are the prime factors of 1693685?
5, 7, 31, 223
List the prime factors of 1503193.
257, 5849
What are the prime factors of 237664?
2, 7, 1061
What are the prime factors of 443765?
5, 7, 31, 409
What are the prime factors of 1401399?
3, 47, 3313
List the prime factors of 4864145.
5, 11, 13, 6803
List the prime factors of 9155190.
2, 3, 5, 11, 27743
List the prime factors of 107048.
2, 13381
What are the prime factors of 3266734?
2, 29, 151, 373
List the prime factors of 2976600.
2, 3, 5, 11, 41
What are the prime factors of 197017?
271, 727
What are the prime factors of 9302210?
2, 5, 19, 173, 283
What are the prime factors of 492668?
2, 11, 11197
List the prime factors of 3517087.
7, 502441
What are the prime factors of 4033018?
2, 11, 183319
What are the prime factors of 669479?
669479
List the prime factors of 607173.
3, 7, 29, 997
List the prime factors of 4924447.
11, 447677
What are the prime factors of 3264199?
3264199
List the prime factors of 5306230.
2, 5, 293, 1811
List the prime factors of 109272.
2, 3, 29, 157
List the prime factors of 4920047.
11, 313, 1429
What are the prime factors of 319756?
2, 79939
What are the prime factors of 35336?
2, 7, 631
What are the prime factors of 1512056?
2, 7, 13, 31, 67
List the prime factors of 3911360.
2, 5, 17, 719
List the prime factors of 230076.
2, 3, 7, 11, 83
List the prime factors of 109232.
2, 6827
What are the prime factors of 2702841?
3, 53, 89, 191
List the prime factors of 15702118.
2, 17, 137, 3371
What are the prime factors of 60888?
2, 3, 43, 59
List the prime factors of 1896740.
2, 5, 94837
What are the prime factors of 72925?
5, 2917
What are the prime factors of 9154720?
2, 5, 29, 1973
List the prime factors of 777086.
2, 53, 7331
List the prime factors of 4983056.
2, 13, 23957
What are the prime factors of 106619?
106619
What are the prime factors of 866078?
2, 31, 61, 229
What are the prime factors of 12767190?
2, 3, 5, 79, 5387
What are the prime factors of 1597910?
2, 5, 159791
What are the prime factors of 198215?
5, 29, 1367
List the prime factors of 11296.
2, 353
What are the prime factors of 13445863?
19, 707677
What are the prime factors of 210862?
2, 19, 31, 179
What are the prime factors of 412668?
2, 3, 3821
List the prime factors of 300954.
2, 3, 50159
What are the prime factors of 102396?
2, 3, 7, 23, 53
List the prime factors of 8731064.
2, 17, 43, 1493
What are the prime factors of 200881?
200881
List the prime factors of 8005814.
2, 4002907
List the prime factors of 154373.
154373
List the prime factors of 2554023.
3, 467, 1823
List the prime factors of 125154.
2, 3, 17, 409
What are the prime factors of 695608?
2, 86951
What are the prime factors of 67110?
2, 3, 5, 2237
List the prime factors of 21772.
2, 5443
List the prime factors of 5665119.
3, 181, 10433
What are the prime factors of 1335181?
1069, 1249
What are the prime factors of 9271593?
3, 709, 1453
List the prime factors of 2211510.
2, 3, 5, 7, 10531
List the prime factors of 538849.
17, 29, 1093
What are the prime factors of 22843851?
3, 29, 67, 3919
What are the prime factors of 7229371?
331, 21841
List the prime factors of 3193700.
2, 5, 109, 293
List the prime factors of 9956344.
2, 1244543
List the prime factors of 847014.
2, 3, 7, 43, 67
What are the prime factors of 3214050?
2, 3, 5, 7, 3061
What are the prime factors of 3121153?
7, 63697
What are the prime factors of 1591455?
3, 5, 17, 79
What are the prime factors of 55073?
55073
List the prime factors of 6950611.
1061, 6551
List the prime factors of 47556.
2, 3, 1321
What are the prime factors of 4322362?
2, 11, 53, 337
List the prime factors of 37562.
2, 7, 2683
List the prime factors of 34081.
173, 197
What are the prime factors of 5505462?
2, 3, 43, 2371
List the prime factors of 9738224.
2, 83, 7333
What are the prime factors of 1672795?
5, 73, 4583
List the prime factors of 1803181.
521, 3461
List the prime factors of 38595951.
3, 4288439
What are the prime factors of 1129379?
19, 59441
List the prime factors of 220907.
220907
What are the prime factors of 17309242?
2, 8654621
What are the prime factors of 176372?
2, 7, 6299
What are the prime factors of 4398291?
3, 17, 19, 89
What are the prime factors of 381481?
381481
What are the prime factors of 82032?
2, 3, 1709
List the prime factors of 874025.
5, 34961
List the prime factors of 28971.
3, 29, 37
What are the prime factors of 1388515